of 3540?
5
What is the ten thousands digit of 22863?
2
What is the tens digit of 399?
9
What is the units digit of 911?
1
What is the tens digit of 5194?
9
What is the ten thousands digit of 151371?
5
What is the tens digit of 129238?
3
What is the tens digit of 53159?
5
What is the thousands digit of 17248?
7
What is the units digit of 20673?
3
What is the units digit of 34916?
6
What is the ten thousands digit of 14249?
1
What is the hundreds digit of 1765?
7
What is the thousands digit of 1433?
1
What is the thousands digit of 124425?
4
What is the units digit of 41195?
5
What is the units digit of 16647?
7
What is the hundreds digit of 2378?
3
What is the hundreds digit of 38567?
5
What is the units digit of 3251?
1
What is the hundred thousands digit of 135811?
1
What is the hundreds digit of 42951?
9
What is the hundreds digit of 607?
6
What is the tens digit of 2423?
2
What is the ten thousands digit of 46107?
4
What is the tens digit of 657?
5
What is the tens digit of 710?
1
What is the hundreds digit of 1933?
9
What is the tens digit of 1635?
3
What is the hundreds digit of 28872?
8
What is the ten thousands digit of 92351?
9
What is the tens digit of 6639?
3
What is the tens digit of 1555?
5
What is the ten thousands digit of 167005?
6
What is the thousands digit of 8529?
8
What is the thousands digit of 12932?
2
What is the units digit of 67488?
8
What is the thousands digit of 1523?
1
What is the ten thousands digit of 82640?
8
What is the tens digit of 5747?
4
What is the thousands digit of 49570?
9
What is the hundreds digit of 1421?
4
What is the ten thousands digit of 68016?
6
What is the hundreds digit of 1521?
5
What is the tens digit of 380?
8
What is the thousands digit of 23659?
3
What is the units digit of 2096?
6
What is the units digit of 1644?
4
What is the hundreds digit of 1950?
9
What is the tens digit of 635?
3
What is the tens digit of 1435?
3
What is the hundreds digit of 4540?
5
What is the hundreds digit of 19346?
3
What is the units digit of 6776?
6
What is the hundreds digit of 3559?
5
What is the units digit of 401?
1
What is the units digit of 6315?
5
What is the tens digit of 840?
4
What is the ten thousands digit of 12517?
1
What is the hundreds digit of 819?
8
What is the tens digit of 1330?
3
What is the ten thousands digit of 15600?
1
What is the thousands digit of 45170?
5
What is the tens digit of 8440?
4
What is the thousands digit of 16610?
6
What is the hundreds digit of 17306?
3
What is the units digit of 17774?
4
What is the units digit of 875?
5
What is the units digit of 2002?
2
What is the hundreds digit of 6713?
7
What is the units digit of 1711?
1
What is the units digit of 1847?
7
What is the hundreds digit of 7051?
0
What is the tens digit of 6073?
7
What is the tens digit of 48786?
8
What is the tens digit of 3516?
1
What is the tens digit of 8585?
8
What is the thousands digit of 4191?
4
What is the ten thousands digit of 13674?
1
What is the units digit of 327?
7
What is the hundreds digit of 33266?
2
What is the units digit of 9453?
3
What is the units digit of 4139?
9
What is the hundred thousands digit of 102711?
1
What is the units digit of 10560?
0
What is the thousands digit of 2823?
2
What is the units digit of 1820?
0
What is the tens digit of 20396?
9
What is the tens digit of 14654?
5
What is the thousands digit of 1805?
1
What is the hundreds digit of 5086?
0
What is the hundreds digit of 3354?
3
What is the hundreds digit of 46837?
8
What is the hundreds digit of 1579?
5
What is the units digit of 922?
2
What is the units digit of 34578?
8
What is the thousands digit of 3213?
3
What is the units digit of 4553?
3
What is the tens digit of 6952?
5
What is the hundreds digit of 6680?
6
What is the hundreds digit of 481?
4
What is the ten thousands digit of 23713?
2
What is the ten thousands digit of 10993?
1
What is the hundreds digit of 389?
3
What is the tens digit of 4074?
7
What is the thousands digit of 17996?
7
What is the units digit of 507?
7
What is the units digit of 56970?
0
What is the hundreds digit of 818?
8
What is the tens digit of 88?
8
What is the units digit of 3133?
3
What is the hundreds digit of 1625?
6
What is the units digit of 772?
2
What is the units digit of 339?
9
What is the tens digit of 90?
9
What is the units digit of 7462?
2
What is the hundreds digit of 45957?
9
What is the hundreds digit of 472?
4
What is the thousands digit of 27822?
7
What is the ten thousands digit of 54260?
5
What is the tens digit of 65659?
5
What is the units digit of 1879?
9
What is the hundreds digit of 1287?
2
What is the units digit of 70904?
4
What is the tens digit of 72782?
8
What is the tens digit of 1004?
0
What is the units digit of 15847?
7
What is the hundreds digit of 77192?
1
What is the hundreds digit of 216?
2
What is the ten thousands digit of 27871?
2
What is the thousands digit of 3385?
3
What is the tens digit of 40343?
4
What is the tens digit of 660?
6
What is the ten thousands digit of 73664?
7
What is the units digit of 6004?
4
What is the thousands digit of 26452?
6
What is the units digit of 3055?
5
What is the hundreds digit of 1927?
9
What is the units digit of 22276?
6
What is the units digit of 83?
3
What is the hundreds digit of 116425?
4
What is the units digit of 655?
5
What is the units digit of 25528?
8
What is the ten thousands digit of 15679?
1
What is the units digit of 20554?
4
What is the hundreds digit of 57903?
9
What is the units digit of 1350?
0
What is the hundreds digit of 1217?
2
What is the units digit of 2976?
6
What is the tens digit of 354?
5
What is the tens digit of 73?
7
What is the units digit of 13277?
7
What is the ten thousands digit of 22592?
2
What is the ten thousands digit of 111124?
1
What is the thousands digit of 51174?
1
What is the hundreds digit of 6794?
7
What is the hundred thousands digit of 133497?
1
What is the hundreds digit of 5798?
7
What is the tens digit of 1334?
3
What is the thousands digit of 17696?
7
What is the thousands digit of 1177?
1
What is the tens digit of 26209?
0
What is the ten thousands digit of 31877?
3
What is the tens digit of 376?
7
What is the thousands digit of 82503?
2
What is the thousands digit of 2222?
2
What is the hundreds digit of 2940?
9
What is the tens digit of 414?
1
What is the units digit of 4573?
3
What is the hundreds digit of 336?
3
What is the ten thousands digit of 18679?
1
What is the units digit of 10274?
4
What is the hundreds digit of 15817?
8
What is the ten thousands digit of 49145?
4
What is the units digit of 33677?
7
What is the units digit of 25883?
3
What is the units digit of 8003?
3
What is the units digit of 6256?
6
What is the units digit of 2821?
1
What is the tens digit of 2992?
9
What is the thousands digit of 1716?
1
What is the thousands digit of 4186?
4
What is the units digit of 715?
5
What is the hundreds digit of 12108?
1
What is the tens digit of 16552?
5
What is the hundreds digit of 1372?
3
What is the ten thousands digit of 12581?
1
What is the thousands digit of 2895?
2
What is the tens digit of 13138?
3
What is the hundreds digit of 1714?
7
What is the hundreds digit of 112?
1
What is the thousands digit of 3289?
3
What is the thousands digit of 107819?
7
What is the tens digit of 26871?
7
What is the thousands digit of 1086?
1
What is the hundreds digit of 2940?
9
What is the thousands digit of 2836?
2
What is the hundreds digit of 193?
1
What is the thousands digit of 8314?
8
What is the thousands digit of 3303?
3
What is the ten thousands digit of 32339?
3
What is the units digit of 229?
9
What is the tens digit of 87249?
4
What is the hundreds digit of 5775?
7
What is the hundreds digit of 10328?
3
What is the hundreds digit of 8046?
0
What is the thousands digit of 1392?
1
What is the tens digit of 24810?
1
What is the tens digit of 6736?
3
What is the hundreds digit of 99194?
1
What is the units digit of 602?
2
What is the hundreds digit of 9999?
9
What is the units digit of 3504?
4
What is the tens digit of 928?
2
What is the thousands digit of 3053?
3
What is the units digit of 1868?
8
What is the ten thousands digit of 28414?
2
What is the thousands digit of 6111?
6
What is the hundreds digit of 5920?
9
What i